{"id":13,"date":"2017-11-22T17:19:22","date_gmt":"2017-11-22T17:19:22","guid":{"rendered":"http:\/\/farfirafilms.ma\/?page_id=13"},"modified":"2018-02-16T14:11:58","modified_gmt":"2018-02-16T14:11:58","slug":"news","status":"publish","type":"page","link":"http:\/\/farfirafilms.ma\/index.php\/news\/","title":{"rendered":"News"},"content":{"rendered":"<div id=\"khadija-nl\">\n<h3><strong>&#8220;Le voyage de Khadija&#8221; \u00e0 la TV marocaine.<\/strong><\/h3>\n<p>Le dimanche 4 f\u00e9vrier, le documentaire a \u00e9t\u00e9 diffus\u00e9 dans le programme de 2M &#8220;Des Histoires &amp; des Hommes&#8221;.<\/p>\n<p><img decoding=\"async\" loading=\"lazy\" class=\" wp-image-299 aligncenter\" src=\"http:\/\/farfirafilms.ma\/wp-content\/uploads\/2018\/02\/Capture-d\u2019\u00e9cran-2018-02-16-\u00e0-14.12.04-300x241.png\" alt=\"\" width=\"358\" height=\"288\" srcset=\"http:\/\/farfirafilms.ma\/wp-content\/uploads\/2018\/02\/Capture-d\u2019\u00e9cran-2018-02-16-\u00e0-14.12.04-300x241.png 300w, http:\/\/farfirafilms.ma\/wp-content\/uploads\/2018\/02\/Capture-d\u2019\u00e9cran-2018-02-16-\u00e0-14.12.04-150x121.png 150w, http:\/\/farfirafilms.ma\/wp-content\/uploads\/2018\/02\/Capture-d\u2019\u00e9cran-2018-02-16-\u00e0-14.12.04-500x402.png 500w, http:\/\/farfirafilms.ma\/wp-content\/uploads\/2018\/02\/Capture-d\u2019\u00e9cran-2018-02-16-\u00e0-14.12.04.png 602w\" sizes=\"(max-width: 358px) 100vw, 358px\" \/><\/p>\n<p><a href=\"http:\/\/www.2m.ma\/fr\/programme\/le-voyage-de-khadija-votre-documentaire-de-ce-dimanche-20180202\/\" class=\"external external_icon\" rel=\"nofollow\">http:\/\/www.2m.ma\/fr\/programme\/le-voyage-de-khadija-votre-documentaire-de-ce-dimanche-20180202\/<\/a><\/p>\n<h3><strong>&#8220;Le voyage de Khadija&#8221; en tourn\u00e9e en Hollande. <\/strong><\/h3>\n<p><img decoding=\"async\" loading=\"lazy\" class=\"wp-image-110 size-full aligncenter\" src=\"http:\/\/farfirafilms.ma\/wp-content\/uploads\/2017\/12\/photo17.png\" alt=\"Le voyage de khadija\" width=\"960\" height=\"293\" srcset=\"http:\/\/farfirafilms.ma\/wp-content\/uploads\/2017\/12\/photo17.png 960w, http:\/\/farfirafilms.ma\/wp-content\/uploads\/2017\/12\/photo17-300x92.png 300w, http:\/\/farfirafilms.ma\/wp-content\/uploads\/2017\/12\/photo17-768x234.png 768w, http:\/\/farfirafilms.ma\/wp-content\/uploads\/2017\/12\/photo17-500x153.png 500w\" sizes=\"(max-width: 960px) 100vw, 960px\" \/><\/p>\n<p>Apr\u00e8s avoir \u00e9t\u00e9 projet\u00e9 au Maroc et prim\u00e9 dans plusieurs festivals locaux, le documentaire prend son envol pour la hollande. Khadija la protagoniste est pr\u00e9sente dans toutes les projections et permet ainsi d\u2019ouvrir le d\u00e9bat sur la migration, l\u2019identit\u00e9 et la femme dans la r\u00e9gion du Rif.<\/p>\n<p>Les dates\u00a0:<\/p>\n<ul>\n<li>2 novembre 2017, theater de meervaart, Amseterdam<\/li>\n<li>8 novembre 2017, chasse\u00e9 theater, breda<\/li>\n<li>24 novembre 2017, Het postkantoor, Bovenkarspel<\/li>\n<li>2 d\u00e9cembre 2017, de vaillant, la haye<\/li>\n<li>17 d\u00e9cembre 2017, film Hallen, Amsterdam<\/li>\n<li>28 janvier 2018,\u00a0Podium Mozaiek, Amsterdam<\/li>\n<li>23 f\u00e9vrier 2018,\u00a0Stadsschouwburg, Utrecht<\/li>\n<li>25 f\u00e9vrier 2018, The Hague Freedom Book, La Haye<\/li>\n<\/ul>\n<\/div>\n<div id=\"khadija-es\">\n<h3><strong>&#8220;Le voyage de Khadija&#8221; \u00e0 la Cineteca de Madrid.<\/strong><\/h3>\n<p><img decoding=\"async\" loading=\"lazy\" class=\"size-full wp-image-191 aligncenter\" src=\"http:\/\/farfirafilms.ma\/wp-content\/uploads\/2018\/01\/Photo19.jpg\" alt=\"Le voyage de khadija\" width=\"960\" height=\"547\" \/><\/p>\n<p>&#8220;El viaje de Khadija&#8221;, en la CINETECA de Madrid el 12 de enero 2017, 20h30, con la presencia de Tarik el Idrissi (realizador) y Khadija Al Morabit (protagonista principal)<br \/>\n&#8220;Khadija naci\u00f3 en Amsterdam de madre y padre marroqu\u00edes. Como tantas j\u00f3venes marroqu\u00edes ha crecido en Europa entre dos mundos a menudo enfrentados. Hace 20 a\u00f1os que no visita el pueblo de su familia, Beni Chikar, un peque\u00f1o lugar cerca de Melilla, en la frontera con Espa\u00f1a. All\u00ed sol\u00eda pasar los veranos cuando era peque\u00f1a. Quiere reconciliarse con sus or\u00edgenes pero no admite el machismo que impera en Marruecos. Su identidad est\u00e1 marcada por la figura de su abuela, a quien adoraba. Mamma Allal era una mujer temida por los hombres del pueblo. Su leyenda a\u00fan permanece viva&#8221;.<\/p>\n<\/div>\n<div id=\"soundofberberia\">\n<h3 style=\"text-align: left;\"><strong>Tournage du film fiction de Tarik El Idrissi : \u00a0 \u00a0\u00a0<\/strong><strong>&#8220;SOUND OF BERBERIA&#8221;<\/strong><\/h3>\n<p><img decoding=\"async\" loading=\"lazy\" class=\"alignnone size-full wp-image-109\" src=\"http:\/\/farfirafilms.ma\/wp-content\/uploads\/2017\/12\/photo-18.jpg\" alt=\"Sound of berberia\" width=\"960\" height=\"635\" srcset=\"http:\/\/farfirafilms.ma\/wp-content\/uploads\/2017\/12\/photo-18.jpg 960w, http:\/\/farfirafilms.ma\/wp-content\/uploads\/2017\/12\/photo-18-300x198.jpg 300w, http:\/\/farfirafilms.ma\/wp-content\/uploads\/2017\/12\/photo-18-768x508.jpg 768w, http:\/\/farfirafilms.ma\/wp-content\/uploads\/2017\/12\/photo-18-500x331.jpg 500w\" sizes=\"(max-width: 960px) 100vw, 960px\" \/><\/p>\n<p>Farfira films a l\u2019immense plaisir de produire le prochain film du realisateur tarik el idrissi, un road movie musical contemporain.<\/p>\n<\/div>\n","protected":false},"excerpt":{"rendered":"<p>&#8220;Le voyage de Khadija&#8221; \u00e0 la TV marocaine. Le dimanche 4 f\u00e9vrier, le documentaire a \u00e9t\u00e9 diffus\u00e9 dans le programme de 2M &#8220;Des Histoires &amp; des Hommes&#8221;. http:\/\/www.2m.ma\/fr\/programme\/le-voyage-de-khadija-votre-documentaire-de-ce-dimanche-20180202\/ &#8220;Le voyage de Khadija&#8221; en tourn\u00e9e en Hollande. Apr\u00e8s avoir \u00e9t\u00e9 projet\u00e9 au Maroc et prim\u00e9 dans plusieurs festivals locaux, le documentaire prend son envol pour la &hellip; <a href=\"http:\/\/farfirafilms.ma\/index.php\/news\/\" class=\"more-link\">Continue reading <span class=\"screen-reader-text\">News<\/span><\/a><\/p>\n","protected":false},"author":2,"featured_media":0,"parent":0,"menu_order":0,"comment_status":"closed","ping_status":"closed","template":"","meta":[],"_links":{"self":[{"href":"http:\/\/farfirafilms.ma\/index.php\/wp-json\/wp\/v2\/pages\/13"}],"collection":[{"href":"http:\/\/farfirafilms.ma\/index.php\/wp-json\/wp\/v2\/pages"}],"about":[{"href":"http:\/\/farfirafilms.ma\/index.php\/wp-json\/wp\/v2\/types\/page"}],"author":[{"embeddable":true,"href":"http:\/\/farfirafilms.ma\/index.php\/wp-json\/wp\/v2\/users\/2"}],"replies":[{"embeddable":true,"href":"http:\/\/farfirafilms.ma\/index.php\/wp-json\/wp\/v2\/comments?post=13"}],"version-history":[{"count":11,"href":"http:\/\/farfirafilms.ma\/index.php\/wp-json\/wp\/v2\/pages\/13\/revisions"}],"predecessor-version":[{"id":300,"href":"http:\/\/farfirafilms.ma\/index.php\/wp-json\/wp\/v2\/pages\/13\/revisions\/300"}],"wp:attachment":[{"href":"http:\/\/farfirafilms.ma\/index.php\/wp-json\/wp\/v2\/media?parent=13"}],"curies":[{"name":"wp","href":"https:\/\/api.w.org\/{rel}","templated":true}]}}

<div id="khadija-nl">
<h3><strong>&#8220;Le voyage de Khadija&#8221; à la TV marocaine.</strong></h3>
<p>Le dimanche 4 février, le documentaire a été diffusé dans le programme de 2M &#8220;Des Histoires &amp; des Hommes&#8221;.</p>
<p><img decoding="async" loading="lazy" class=" wp-image-299 aligncenter" src="http://farfirafilms.ma/wp-content/uploads/2018/02/Capture-d’écran-2018-02-16-à-14.12.04-300x241.png" alt="" width="358" height="288" srcset="http://farfirafilms.ma/wp-content/uploads/2018/02/Capture-d’écran-2018-02-16-à-14.12.04-300x241.png 300w, http://farfirafilms.ma/wp-content/uploads/2018/02/Capture-d’écran-2018-02-16-à-14.12.04-150x121.png 150w, http://farfirafilms.ma/wp-content/uploads/2018/02/Capture-d’écran-2018-02-16-à-14.12.04-500x402.png 500w, http://farfirafilms.ma/wp-content/uploads/2018/02/Capture-d’écran-2018-02-16-à-14.12.04.png 602w" sizes="(max-width: 358px) 100vw, 358px" /></p>
<p><a href="http://www.2m.ma/fr/programme/le-voyage-de-khadija-votre-documentaire-de-ce-dimanche-20180202/" class="external external_icon" rel="nofollow">http://www.2m.ma/fr/programme/le-voyage-de-khadija-votre-documentaire-de-ce-dimanche-20180202/</a></p>
<h3><strong>&#8220;Le voyage de Khadija&#8221; en tournée en Hollande. </strong></h3>
<p><img decoding="async" loading="lazy" class="wp-image-110 size-full aligncenter" src="http://farfirafilms.ma/wp-content/uploads/2017/12/photo17.png" alt="Le voyage de khadija" width="960" height="293" srcset="http://farfirafilms.ma/wp-content/uploads/2017/12/photo17.png 960w, http://farfirafilms.ma/wp-content/uploads/2017/12/photo17-300x92.png 300w, http://farfirafilms.ma/wp-content/uploads/2017/12/photo17-768x234.png 768w, http://farfirafilms.ma/wp-content/uploads/2017/12/photo17-500x153.png 500w" sizes="(max-width: 960px) 100vw, 960px" /></p>
<p>Après avoir été projeté au Maroc et primé dans plusieurs festivals locaux, le documentaire prend son envol pour la hollande. Khadija la protagoniste est présente dans toutes les projections et permet ainsi d’ouvrir le débat sur la migration, l’identité et la femme dans la région du Rif.</p>
<p>Les dates :</p>
<ul>
<li>2 novembre 2017, theater de meervaart, Amseterdam</li>
<li>8 novembre 2017, chasseé theater, breda</li>
<li>24 novembre 2017, Het postkantoor, Bovenkarspel</li>
<li>2 décembre 2017, de vaillant, la haye</li>
<li>17 décembre 2017, film Hallen, Amsterdam</li>
<li>28 janvier 2018, Podium Mozaiek, Amsterdam</li>
<li>23 février 2018, Stadsschouwburg, Utrecht</li>
<li>25 février 2018, The Hague Freedom Book, La Haye</li>
</ul>
</div>
<div id="khadija-es">
<h3><strong>&#8220;Le voyage de Khadija&#8221; à la Cineteca de Madrid.</strong></h3>
<p><img decoding="async" loading="lazy" class="size-full wp-image-191 aligncenter" src="http://farfirafilms.ma/wp-content/uploads/2018/01/Photo19.jpg" alt="Le voyage de khadija" width="960" height="547" /></p>
<p>&#8220;El viaje de Khadija&#8221;, en la CINETECA de Madrid el 12 de enero 2017, 20h30, con la presencia de Tarik el Idrissi (realizador) y Khadija Al Morabit (protagonista principal)<br />
&#8220;Khadija nació en Amsterdam de madre y padre marroquíes. Como tantas jóvenes marroquíes ha crecido en Europa entre dos mundos a menudo enfrentados. Hace 20 años que no visita el pueblo de su familia, Beni Chikar, un pequeño lugar cerca de Melilla, en la frontera con España. Allí solía pasar los veranos cuando era pequeña. Quiere reconciliarse con sus orígenes pero no admite el machismo que impera en Marruecos. Su identidad está marcada por la figura de su abuela, a quien adoraba. Mamma Allal era una mujer temida por los hombres del pueblo. Su leyenda aún permanece viva&#8221;.</p>
</div>
<div id="soundofberberia">
<h3 style="text-align: left;"><strong>Tournage du film fiction de Tarik El Idrissi :     </strong><strong>&#8220;SOUND OF BERBERIA&#8221;</strong></h3>
<p><img decoding="async" loading="lazy" class="alignnone size-full wp-image-109" src="http://farfirafilms.ma/wp-content/uploads/2017/12/photo-18.jpg" alt="Sound of berberia" width="960" height="635" srcset="http://farfirafilms.ma/wp-content/uploads/2017/12/photo-18.jpg 960w, http://farfirafilms.ma/wp-content/uploads/2017/12/photo-18-300x198.jpg 300w, http://farfirafilms.ma/wp-content/uploads/2017/12/photo-18-768x508.jpg 768w, http://farfirafilms.ma/wp-content/uploads/2017/12/photo-18-500x331.jpg 500w" sizes="(max-width: 960px) 100vw, 960px" /></p>
<p>Farfira films a l’immense plaisir de produire le prochain film du realisateur tarik el idrissi, un road movie musical contemporain.</p>
</div>

<p>&#8220;Le voyage de Khadija&#8221; à la TV marocaine. Le dimanche 4 février, le documentaire a été diffusé dans le programme de 2M &#8220;Des Histoires &amp; des Hommes&#8221;. http://www.2m.ma/fr/programme/le-voyage-de-khadija-votre-documentaire-de-ce-dimanche-20180202/ &#8220;Le voyage de Khadija&#8221; en tournée en Hollande. Après avoir été projeté au Maroc et primé dans plusieurs festivals locaux, le documentaire prend son envol pour la &hellip; <a href="http://farfirafilms.ma/index.php/news/" class="more-link">Continue reading <span class="screen-reader-text">News</span></a></p>
