{"id":28,"date":"2017-11-22T23:36:15","date_gmt":"2017-11-22T23:36:15","guid":{"rendered":"http:\/\/farfirafilms.ma\/?page_id=28"},"modified":"2023-02-24T12:38:03","modified_gmt":"2023-02-24T12:38:03","slug":"nos-realisations","status":"publish","type":"page","link":"https:\/\/farfirafilms.ma\/index.php\/nos-realisations\/","title":{"rendered":"Nos Productions"},"content":{"rendered":"\n<p>FarfiraFilms a produit des films d\u2019auteur et ind\u00e9pendant, de genre Documentaires et Fiction, avec un caract\u00e8re social, qui ont remport\u00e9 plusieurs prix au Maroc et \u00e0 l\u2019\u00e9tranger.<\/p>\n\n\n<div class=\"wp-block-image\">\n<figure class=\"alignleft size-large is-resized\"><img decoding=\"async\" loading=\"lazy\" src=\"http:\/\/farfirafilms.ma\/wp-content\/uploads\/2023\/02\/OK-POSTER-WEBSITE.jpg\" alt=\"\" width=\"753\" height=\"385\"\/><\/figure><\/div>\n\n<p>\u00a0<\/p>\n<p><a href=\"https:\/\/youtu.be\/Q8-9mjTYzGo\" class=\"external external_icon\" rel=\"nofollow\"><strong>Sound Of Berberia &#8211; 2023\u00a0<\/strong><\/a><\/p>\n<p><a href=\"https:\/\/youtu.be\/bQfXj7Ne5J0\" class=\"external external_icon\" rel=\"nofollow\"><strong>Le Voyage de Khadija &#8211; 2017<\/strong><\/a><\/p>\n<p><a href=\"https:\/\/youtu.be\/a9ai4KPS08U\" class=\"external external_icon\" rel=\"nofollow\"><strong>RIF 58-59 Briser Le Silence &#8211; 2014<\/strong><\/a><\/p>\n<h3 style=\"text-align: left;\">\u00a0<\/h3>\n<h3 style=\"text-align: center;\">\u00a0<\/h3>\n<h3>\u00a0<\/h3>","protected":false},"excerpt":{"rendered":"<p>FarfiraFilms a produit des films d\u2019auteur et ind\u00e9pendant, de genre Documentaires et Fiction, avec un caract\u00e8re social, qui ont remport\u00e9 plusieurs prix au Maroc et \u00e0 l\u2019\u00e9tranger. \u00a0 Sound Of Berberia &#8211; 2023\u00a0 Le Voyage de Khadija &#8211; 2017 RIF 58-59 Briser Le Silence &#8211; 2014 \u00a0 \u00a0 \u00a0<\/p>\n","protected":false},"author":2,"featured_media":0,"parent":0,"menu_order":0,"comment_status":"closed","ping_status":"closed","template":"","meta":[],"_links":{"self":[{"href":"https:\/\/farfirafilms.ma\/index.php\/wp-json\/wp\/v2\/pages\/28"}],"collection":[{"href":"https:\/\/farfirafilms.ma\/index.php\/wp-json\/wp\/v2\/pages"}],"about":[{"href":"https:\/\/farfirafilms.ma\/index.php\/wp-json\/wp\/v2\/types\/page"}],"author":[{"embeddable":true,"href":"https:\/\/farfirafilms.ma\/index.php\/wp-json\/wp\/v2\/users\/2"}],"replies":[{"embeddable":true,"href":"https:\/\/farfirafilms.ma\/index.php\/wp-json\/wp\/v2\/comments?post=28"}],"version-history":[{"count":49,"href":"https:\/\/farfirafilms.ma\/index.php\/wp-json\/wp\/v2\/pages\/28\/revisions"}],"predecessor-version":[{"id":443,"href":"https:\/\/farfirafilms.ma\/index.php\/wp-json\/wp\/v2\/pages\/28\/revisions\/443"}],"wp:attachment":[{"href":"https:\/\/farfirafilms.ma\/index.php\/wp-json\/wp\/v2\/media?parent=28"}],"curies":[{"name":"wp","href":"https:\/\/api.w.org\/{rel}","templated":true}]}}